Dec 02 06:08:46.035 INFO testing KushamiNeko/auto_watermark against master#8940af3cea4a9a9deabcaf843b2f8cad9a83fc61 for beta-1.31-5
Dec 02 06:08:46.036 INFO running `"docker" "create" "-v" "/mnt/big/crater/work/local/target-dirs/beta-1.31-5/worker-3/master#8940af3cea4a9a9deabcaf843b2f8cad9a83fc61:/target:rw,Z" "-v" "/mnt/big/crater/work/local/test-source/worker-3/beta-1.31-5/master#8940af3cea4a9a9deabcaf843b2f8cad9a83fc61:/source:ro,Z" "-v" "/mnt/big/crater/work/local/cargo-home:/cargo-home:ro,Z" "-v" "/mnt/big/crater/work/local/rustup-home:/rustup-home:ro,Z" "-e" "USER_ID=1000" "-e" "SOURCE_DIR=/source" "-e" "USER_ID=1000" "-e" "CMD=cargo +8940af3cea4a9a9deabcaf843b2f8cad9a83fc61-alt build --frozen" "-e" "CARGO_TARGET_DIR=/target" "-e" "CARGO_INCREMENTAL=0" "-e" "RUST_BACKTRACE=full" "-e" "RUSTFLAGS=--cap-lints=warn" "-e" "CARGO_HOME=/cargo-home" "-e" "RUSTUP_HOME=/rustup-home" "-m" "1536M" "--network" "none" "crater"`
Dec 02 06:08:46.503 INFO [stdout] 21b48cba94e89c3600bc0804e2d6c97b7fffa9f77d85829cfc847c99626fca24
Dec 02 06:08:46.508 INFO running `"docker" "start" "-a" "21b48cba94e89c3600bc0804e2d6c97b7fffa9f77d85829cfc847c99626fca24"`
Dec 02 06:08:47.953 INFO [stderr] usermod: no changes
Dec 02 06:08:48.111 INFO [stderr]    Compiling image v0.12.3
Dec 02 06:09:00.300 INFO [stderr]    Compiling rust_auto_watermark v0.1.0 (/source)
Dec 02 06:09:01.606 INFO [stderr] error[E0425]: cannot find value `water_mark_size` in this scope
Dec 02 06:09:01.607 INFO [stderr]   --> src/imagework/mod.rs:97:22
Dec 02 06:09:01.607 INFO [stderr]    |
Dec 02 06:09:01.607 INFO [stderr] 97 |             first: Item::new((water_mark_size.first.first / (water_mark_size.first.second + TOLERANCE)), 
Dec 02 06:09:01.607 INFO [stderr]    |                               ^^^^^^^^^^^^^^^ did you mean `water_mark_type`?
Dec 02 06:09:01.607 INFO [stderr] 
Dec 02 06:09:01.607 INFO [stderr] error[E0425]: cannot find value `water_mark_size` in this scope
Dec 02 06:09:01.607 INFO [stderr]   --> src/imagework/mod.rs:97:53
Dec 02 06:09:01.607 INFO [stderr]    |
Dec 02 06:09:01.607 INFO [stderr] 97 |             first: Item::new((water_mark_size.first.first / (water_mark_size.first.second + TOLERANCE)), 
Dec 02 06:09:01.607 INFO [stderr]    |                                                              ^^^^^^^^^^^^^^^ did you mean `water_mark_type`?
Dec 02 06:09:01.607 INFO [stderr] 
Dec 02 06:09:01.607 INFO [stderr] error[E0425]: cannot find value `TOLERANCE` in this scope
Dec 02 06:09:01.607 INFO [stderr]   --> src/imagework/mod.rs:97:84
Dec 02 06:09:01.607 INFO [stderr]    |
Dec 02 06:09:01.607 INFO [stderr] 97 |             first: Item::new((water_mark_size.first.first / (water_mark_size.first.second + TOLERANCE)), 
Dec 02 06:09:01.607 INFO [stderr]    |                                                                                             ^^^^^^^^^ not found in this scope
Dec 02 06:09:01.607 INFO [stderr] help: possible candidate is found in another module, you can import it into scope
Dec 02 06:09:01.607 INFO [stderr]    |
Dec 02 06:09:01.607 INFO [stderr] 4  | use TOLERANCE;
Dec 02 06:09:01.607 INFO [stderr]    |
Dec 02 06:09:01.607 INFO [stderr] 
Dec 02 06:09:01.607 INFO [stderr] error[E0425]: cannot find value `water_mark_size` in this scope
Dec 02 06:09:01.607 INFO [stderr]   --> src/imagework/mod.rs:98:9
Dec 02 06:09:01.607 INFO [stderr]    |
Dec 02 06:09:01.607 INFO [stderr] 98 |                             (water_mark_size.first.first / (water_mark_size.first.second - TOLERANCE))),
Dec 02 06:09:01.607 INFO [stderr]    |                              ^^^^^^^^^^^^^^^ did you mean `water_mark_type`?
Dec 02 06:09:01.607 INFO [stderr] 
Dec 02 06:09:01.607 INFO [stderr] error[E0425]: cannot find value `water_mark_size` in this scope
Dec 02 06:09:01.607 INFO [stderr]   --> src/imagework/mod.rs:98:40
Dec 02 06:09:01.607 INFO [stderr]    |
Dec 02 06:09:01.607 INFO [stderr] 98 |                             (water_mark_size.first.first / (water_mark_size.first.second - TOLERANCE))),
Dec 02 06:09:01.607 INFO [stderr]    |                                                             ^^^^^^^^^^^^^^^ did you mean `water_mark_type`?
Dec 02 06:09:01.608 INFO [stderr] 
Dec 02 06:09:01.608 INFO [stderr] error[E0425]: cannot find value `TOLERANCE` in this scope
Dec 02 06:09:01.608 INFO [stderr]   --> src/imagework/mod.rs:98:71
Dec 02 06:09:01.608 INFO [stderr]    |
Dec 02 06:09:01.608 INFO [stderr] 98 |                             (water_mark_size.first.first / (water_mark_size.first.second - TOLERANCE))),
Dec 02 06:09:01.608 INFO [stderr]    |                                                                                            ^^^^^^^^^ not found in this scope
Dec 02 06:09:01.608 INFO [stderr] help: possible candidate is found in another module, you can import it into scope
Dec 02 06:09:01.608 INFO [stderr]    |
Dec 02 06:09:01.608 INFO [stderr] 4  | use TOLERANCE;
Dec 02 06:09:01.608 INFO [stderr]    |
Dec 02 06:09:01.608 INFO [stderr] 
Dec 02 06:09:01.608 INFO [stderr] error[E0425]: cannot find value `water_mark_size` in this scope
Dec 02 06:09:01.608 INFO [stderr]   --> src/imagework/mod.rs:99:23
Dec 02 06:09:01.608 INFO [stderr]    |
Dec 02 06:09:01.608 INFO [stderr] 99 |             second: Item::new((water_mark_size.second.first / (water_mark_size.second.second + TOLERANCE)), 
Dec 02 06:09:01.608 INFO [stderr]    |                                ^^^^^^^^^^^^^^^ did you mean `water_mark_type`?
Dec 02 06:09:01.608 INFO [stderr] 
Dec 02 06:09:01.608 INFO [stderr] error[E0425]: cannot find value `water_mark_size` in this scope
Dec 02 06:09:01.608 INFO [stderr]   --> src/imagework/mod.rs:99:55
Dec 02 06:09:01.608 INFO [stderr]    |
Dec 02 06:09:01.608 INFO [stderr] 99 |             second: Item::new((water_mark_size.second.first / (water_mark_size.second.second + TOLERANCE)), 
Dec 02 06:09:01.608 INFO [stderr]    |                                                                ^^^^^^^^^^^^^^^ did you mean `water_mark_type`?
Dec 02 06:09:01.608 INFO [stderr] 
Dec 02 06:09:01.608 INFO [stderr] error[E0425]: cannot find value `TOLERANCE` in this scope
Dec 02 06:09:01.608 INFO [stderr]   --> src/imagework/mod.rs:99:87
Dec 02 06:09:01.608 INFO [stderr]    |
Dec 02 06:09:01.608 INFO [stderr] 99 |             second: Item::new((water_mark_size.second.first / (water_mark_size.second.second + TOLERANCE)), 
Dec 02 06:09:01.608 INFO [stderr]    |                                                                                                ^^^^^^^^^ not found in this scope
Dec 02 06:09:01.608 INFO [stderr] help: possible candidate is found in another module, you can import it into scope
Dec 02 06:09:01.608 INFO [stderr]    |
Dec 02 06:09:01.608 INFO [stderr] 4  | use TOLERANCE;
Dec 02 06:09:01.608 INFO [stderr]    |
Dec 02 06:09:01.608 INFO [stderr] 
Dec 02 06:09:01.608 INFO [stderr] error[E0425]: cannot find value `water_mark_size` in this scope
Dec 02 06:09:01.608 INFO [stderr]    --> src/imagework/mod.rs:100:9
Dec 02 06:09:01.608 INFO [stderr]     |
Dec 02 06:09:01.608 INFO [stderr] 100 |                             (water_mark_size.second.first / (water_mark_size.second.second - TOLERANCE))),
Dec 02 06:09:01.608 INFO [stderr]     |                              ^^^^^^^^^^^^^^^ did you mean `water_mark_type`?
Dec 02 06:09:01.608 INFO [stderr] 
Dec 02 06:09:01.608 INFO [stderr] error[E0425]: cannot find value `water_mark_size` in this scope
Dec 02 06:09:01.608 INFO [stderr]    --> src/imagework/mod.rs:100:41
Dec 02 06:09:01.608 INFO [stderr]     |
Dec 02 06:09:01.608 INFO [stderr] 100 |                             (water_mark_size.second.first / (water_mark_size.second.second - TOLERANCE))),
Dec 02 06:09:01.608 INFO [stderr]     |                                                              ^^^^^^^^^^^^^^^ did you mean `water_mark_type`?
Dec 02 06:09:01.608 INFO [stderr] 
Dec 02 06:09:01.608 INFO [stderr] error[E0425]: cannot find value `TOLERANCE` in this scope
Dec 02 06:09:01.608 INFO [stderr]    --> src/imagework/mod.rs:100:73
Dec 02 06:09:01.608 INFO [stderr]     |
Dec 02 06:09:01.608 INFO [stderr] 100 |                             (water_mark_size.second.first / (water_mark_size.second.second - TOLERANCE))),
Dec 02 06:09:01.608 INFO [stderr]     |                                                                                              ^^^^^^^^^ not found in this scope
Dec 02 06:09:01.608 INFO [stderr] help: possible candidate is found in another module, you can import it into scope
Dec 02 06:09:01.608 INFO [stderr]     |
Dec 02 06:09:01.608 INFO [stderr] 4   | use TOLERANCE;
Dec 02 06:09:01.608 INFO [stderr]     |
Dec 02 06:09:01.608 INFO [stderr] 
Dec 02 06:09:01.608 INFO [stderr] error[E0425]: cannot find value `water_mark_size` in this scope
Dec 02 06:09:01.608 INFO [stderr]    --> src/imagework/mod.rs:101:23
Dec 02 06:09:01.608 INFO [stderr]     |
Dec 02 06:09:01.608 INFO [stderr] 101 |             third: Item::new(((water_mark_size.third.first - TOLERANCE) / water_mark_size.third.second), 
Dec 02 06:09:01.608 INFO [stderr]     |                                ^^^^^^^^^^^^^^^ did you mean `water_mark_type`?
Dec 02 06:09:01.608 INFO [stderr] 
Dec 02 06:09:01.608 INFO [stderr] error[E0425]: cannot find value `TOLERANCE` in this scope
Dec 02 06:09:01.608 INFO [stderr]    --> src/imagework/mod.rs:101:53
Dec 02 06:09:01.608 INFO [stderr]     |
Dec 02 06:09:01.608 INFO [stderr] 101 |             third: Item::new(((water_mark_size.third.first - TOLERANCE) / water_mark_size.third.second), 
Dec 02 06:09:01.608 INFO [stderr]     |                                                              ^^^^^^^^^ not found in this scope
Dec 02 06:09:01.608 INFO [stderr] help: possible candidate is found in another module, you can import it into scope
Dec 02 06:09:01.608 INFO [stderr]     |
Dec 02 06:09:01.608 INFO [stderr] 4   | use TOLERANCE;
Dec 02 06:09:01.608 INFO [stderr]     |
Dec 02 06:09:01.608 INFO [stderr] 
Dec 02 06:09:01.608 INFO [stderr] error[E0425]: cannot find value `water_mark_size` in this scope
Dec 02 06:09:01.608 INFO [stderr]    --> src/imagework/mod.rs:101:66
Dec 02 06:09:01.608 INFO [stderr]     |
Dec 02 06:09:01.608 INFO [stderr] 101 |             third: Item::new(((water_mark_size.third.first - TOLERANCE) / water_mark_size.third.second), 
Dec 02 06:09:01.608 INFO [stderr]     |                                                                           ^^^^^^^^^^^^^^^ did you mean `water_mark_type`?
Dec 02 06:09:01.608 INFO [stderr] 
Dec 02 06:09:01.608 INFO [stderr] error[E0425]: cannot find value `water_mark_size` in this scope
Dec 02 06:09:01.608 INFO [stderr]    --> src/imagework/mod.rs:102:9
Dec 02 06:09:01.608 INFO [stderr]     |
Dec 02 06:09:01.608 INFO [stderr] 102 |                             (water_mark_size.third.first / (water_mark_size.third.second - TOLERANCE))),
Dec 02 06:09:01.609 INFO [stderr]     |                              ^^^^^^^^^^^^^^^ did you mean `water_mark_type`?
Dec 02 06:09:01.609 INFO [stderr] 
Dec 02 06:09:01.609 INFO [stderr] error[E0425]: cannot find value `water_mark_size` in this scope
Dec 02 06:09:01.609 INFO [stderr]    --> src/imagework/mod.rs:102:40
Dec 02 06:09:01.609 INFO [stderr]     |
Dec 02 06:09:01.609 INFO [stderr] 102 |                             (water_mark_size.third.first / (water_mark_size.third.second - TOLERANCE))),
Dec 02 06:09:01.609 INFO [stderr]     |                                                             ^^^^^^^^^^^^^^^ did you mean `water_mark_type`?
Dec 02 06:09:01.609 INFO [stderr] 
Dec 02 06:09:01.609 INFO [stderr] error[E0425]: cannot find value `TOLERANCE` in this scope
Dec 02 06:09:01.609 INFO [stderr]    --> src/imagework/mod.rs:102:71
Dec 02 06:09:01.609 INFO [stderr]     |
Dec 02 06:09:01.609 INFO [stderr] 102 |                             (water_mark_size.third.first / (water_mark_size.third.second - TOLERANCE))),
Dec 02 06:09:01.609 INFO [stderr]     |                                                                                            ^^^^^^^^^ not found in this scope
Dec 02 06:09:01.609 INFO [stderr] help: possible candidate is found in another module, you can import it into scope
Dec 02 06:09:01.609 INFO [stderr]     |
Dec 02 06:09:01.609 INFO [stderr] 4   | use TOLERANCE;
Dec 02 06:09:01.609 INFO [stderr]     |
Dec 02 06:09:01.609 INFO [stderr] 
Dec 02 06:09:01.609 INFO [stderr] error[E0425]: cannot find value `water_mark_size` in this scope
Dec 02 06:09:01.609 INFO [stderr]    --> src/imagework/mod.rs:103:23
Dec 02 06:09:01.609 INFO [stderr]     |
Dec 02 06:09:01.609 INFO [stderr] 103 |             forth: Item::new(((water_mark_size.forth.first - TOLERANCE) / water_mark_size.forth.second), 
Dec 02 06:09:01.609 INFO [stderr]     |                                ^^^^^^^^^^^^^^^ did you mean `water_mark_type`?
Dec 02 06:09:01.609 INFO [stderr] 
Dec 02 06:09:01.609 INFO [stderr] error[E0425]: cannot find value `TOLERANCE` in this scope
Dec 02 06:09:01.609 INFO [stderr]    --> src/imagework/mod.rs:103:53
Dec 02 06:09:01.609 INFO [stderr]     |
Dec 02 06:09:01.609 INFO [stderr] 103 |             forth: Item::new(((water_mark_size.forth.first - TOLERANCE) / water_mark_size.forth.second), 
Dec 02 06:09:01.609 INFO [stderr]     |                                                              ^^^^^^^^^ not found in this scope
Dec 02 06:09:01.609 INFO [stderr] help: possible candidate is found in another module, you can import it into scope
Dec 02 06:09:01.609 INFO [stderr]     |
Dec 02 06:09:01.609 INFO [stderr] 4   | use TOLERANCE;
Dec 02 06:09:01.609 INFO [stderr]     |
Dec 02 06:09:01.609 INFO [stderr] 
Dec 02 06:09:01.609 INFO [stderr] error[E0425]: cannot find value `water_mark_size` in this scope
Dec 02 06:09:01.609 INFO [stderr]    --> src/imagework/mod.rs:103:66
Dec 02 06:09:01.609 INFO [stderr]     |
Dec 02 06:09:01.609 INFO [stderr] 103 |             forth: Item::new(((water_mark_size.forth.first - TOLERANCE) / water_mark_size.forth.second), 
Dec 02 06:09:01.609 INFO [stderr]     |                                                                           ^^^^^^^^^^^^^^^ did you mean `water_mark_type`?
Dec 02 06:09:01.609 INFO [stderr] 
Dec 02 06:09:01.609 INFO [stderr] error[E0425]: cannot find value `water_mark_size` in this scope
Dec 02 06:09:01.609 INFO [stderr]    --> src/imagework/mod.rs:104:9
Dec 02 06:09:01.609 INFO [stderr]     |
Dec 02 06:09:01.609 INFO [stderr] 104 |                             (water_mark_size.forth.first / (water_mark_size.forth.second + TOLERANCE))),
Dec 02 06:09:01.609 INFO [stderr]     |                              ^^^^^^^^^^^^^^^ did you mean `water_mark_type`?
Dec 02 06:09:01.609 INFO [stderr] 
Dec 02 06:09:01.609 INFO [stderr] error[E0425]: cannot find value `water_mark_size` in this scope
Dec 02 06:09:01.609 INFO [stderr]    --> src/imagework/mod.rs:104:40
Dec 02 06:09:01.609 INFO [stderr]     |
Dec 02 06:09:01.609 INFO [stderr] 104 |                             (water_mark_size.forth.first / (water_mark_size.forth.second + TOLERANCE))),
Dec 02 06:09:01.609 INFO [stderr]     |                                                             ^^^^^^^^^^^^^^^ did you mean `water_mark_type`?
Dec 02 06:09:01.609 INFO [stderr] 
Dec 02 06:09:01.609 INFO [stderr] error[E0425]: cannot find value `TOLERANCE` in this scope
Dec 02 06:09:01.609 INFO [stderr]    --> src/imagework/mod.rs:104:71
Dec 02 06:09:01.609 INFO [stderr]     |
Dec 02 06:09:01.609 INFO [stderr] 104 |                             (water_mark_size.forth.first / (water_mark_size.forth.second + TOLERANCE))),
Dec 02 06:09:01.609 INFO [stderr]     |                                                                                            ^^^^^^^^^ not found in this scope
Dec 02 06:09:01.609 INFO [stderr] help: possible candidate is found in another module, you can import it into scope
Dec 02 06:09:01.609 INFO [stderr]     |
Dec 02 06:09:01.609 INFO [stderr] 4   | use TOLERANCE;
Dec 02 06:09:01.609 INFO [stderr]     |
Dec 02 06:09:01.609 INFO [stderr] 
Dec 02 06:09:01.609 INFO [stderr] error[E0425]: cannot find value `water_mark_size` in this scope
Dec 02 06:09:01.609 INFO [stderr]    --> src/imagework/mod.rs:105:23
Dec 02 06:09:01.609 INFO [stderr]     |
Dec 02 06:09:01.609 INFO [stderr] 105 |             fifth: Item::new(((water_mark_size.fifth.first - TOLERANCE) / water_mark_size.fifth.second), 
Dec 02 06:09:01.609 INFO [stderr]     |                                ^^^^^^^^^^^^^^^ did you mean `water_mark_type`?
Dec 02 06:09:01.609 INFO [stderr] 
Dec 02 06:09:01.609 INFO [stderr] error[E0425]: cannot find value `TOLERANCE` in this scope
Dec 02 06:09:01.609 INFO [stderr]    --> src/imagework/mod.rs:105:53
Dec 02 06:09:01.609 INFO [stderr]     |
Dec 02 06:09:01.609 INFO [stderr] 105 |             fifth: Item::new(((water_mark_size.fifth.first - TOLERANCE) / water_mark_size.fifth.second), 
Dec 02 06:09:01.609 INFO [stderr]     |                                                              ^^^^^^^^^ not found in this scope
Dec 02 06:09:01.609 INFO [stderr] help: possible candidate is found in another module, you can import it into scope
Dec 02 06:09:01.609 INFO [stderr]     |
Dec 02 06:09:01.609 INFO [stderr] 4   | use TOLERANCE;
Dec 02 06:09:01.609 INFO [stderr]     |
Dec 02 06:09:01.609 INFO [stderr] 
Dec 02 06:09:01.609 INFO [stderr] error[E0425]: cannot find value `water_mark_size` in this scope
Dec 02 06:09:01.609 INFO [stderr]    --> src/imagework/mod.rs:105:66
Dec 02 06:09:01.609 INFO [stderr]     |
Dec 02 06:09:01.609 INFO [stderr] 105 |             fifth: Item::new(((water_mark_size.fifth.first - TOLERANCE) / water_mark_size.fifth.second), 
Dec 02 06:09:01.609 INFO [stderr]     |                                                                           ^^^^^^^^^^^^^^^ did you mean `water_mark_type`?
Dec 02 06:09:01.610 INFO [stderr] 
Dec 02 06:09:01.610 INFO [stderr] error[E0425]: cannot find value `water_mark_size` in this scope
Dec 02 06:09:01.610 INFO [stderr]    --> src/imagework/mod.rs:106:9
Dec 02 06:09:01.610 INFO [stderr]     |
Dec 02 06:09:01.610 INFO [stderr] 106 |                             (water_mark_size.fifth.first / (water_mark_size.fifth.second - TOLERANCE))),
Dec 02 06:09:01.610 INFO [stderr]     |                              ^^^^^^^^^^^^^^^ did you mean `water_mark_type`?
Dec 02 06:09:01.610 INFO [stderr] 
Dec 02 06:09:01.610 INFO [stderr] error[E0425]: cannot find value `water_mark_size` in this scope
Dec 02 06:09:01.610 INFO [stderr]    --> src/imagework/mod.rs:106:40
Dec 02 06:09:01.610 INFO [stderr]     |
Dec 02 06:09:01.610 INFO [stderr] 106 |                             (water_mark_size.fifth.first / (water_mark_size.fifth.second - TOLERANCE))),
Dec 02 06:09:01.610 INFO [stderr]     |                                                             ^^^^^^^^^^^^^^^ did you mean `water_mark_type`?
Dec 02 06:09:01.610 INFO [stderr] 
Dec 02 06:09:01.610 INFO [stderr] error[E0425]: cannot find value `TOLERANCE` in this scope
Dec 02 06:09:01.610 INFO [stderr]    --> src/imagework/mod.rs:106:71
Dec 02 06:09:01.610 INFO [stderr]     |
Dec 02 06:09:01.610 INFO [stderr] 106 |                             (water_mark_size.fifth.first / (water_mark_size.fifth.second - TOLERANCE))),
Dec 02 06:09:01.610 INFO [stderr]     |                                                                                            ^^^^^^^^^ not found in this scope
Dec 02 06:09:01.610 INFO [stderr] help: possible candidate is found in another module, you can import it into scope
Dec 02 06:09:01.610 INFO [stderr]     |
Dec 02 06:09:01.610 INFO [stderr] 4   | use TOLERANCE;
Dec 02 06:09:01.610 INFO [stderr]     |
Dec 02 06:09:01.610 INFO [stderr] 
Dec 02 06:09:01.610 INFO [stderr] error[E0425]: cannot find value `ptr_i` in this scope
Dec 02 06:09:01.610 INFO [stderr]   --> src/data_analysis/mod.rs:60:37
Dec 02 06:09:01.610 INFO [stderr]    |
Dec 02 06:09:01.610 INFO [stderr] 60 |                 let image = match image::open((*ptr_i).path()) {
Dec 02 06:09:01.610 INFO [stderr]    |                                                 ^^^^^ not found in this scope
Dec 02 06:09:01.610 INFO [stderr] 
Dec 02 06:09:01.610 INFO [stderr] error[E0425]: cannot find value `ptr_program_data_root` in this scope
Dec 02 06:09:01.610 INFO [stderr]   --> src/data_analysis/mod.rs:98:37
Dec 02 06:09:01.610 INFO [stderr]    |
Dec 02 06:09:01.610 INFO [stderr] 98 |                 let data_root_path = Path::new(*ptr_program_data_root);
Dec 02 06:09:01.610 INFO [stderr]    |                                                 ^^^^^^^^^^^^^^^^^^^^^ did you mean `program_data_root`?
Dec 02 06:09:01.610 INFO [stderr] 
Dec 02 06:09:01.610 INFO [stderr] warning: unused import: `std::io::Read`
Dec 02 06:09:01.610 INFO [stderr]  --> src/imagework/mod.rs:8:5
Dec 02 06:09:01.610 INFO [stderr]   |
Dec 02 06:09:01.610 INFO [stderr] 8 | use std::io::Read;
Dec 02 06:09:01.610 INFO [stderr]   |     ^^^^^^^^^^^^^
Dec 02 06:09:01.610 INFO [stderr]   |
Dec 02 06:09:01.610 INFO [stderr]   = note: #[warn(unused_imports)] on by default
Dec 02 06:09:01.610 INFO [stderr] 
Dec 02 06:09:01.610 INFO [stderr] warning: unnecessary parentheses around function argument
Dec 02 06:09:01.610 INFO [stderr]   --> src/imagework/mod.rs:97:21
Dec 02 06:09:01.610 INFO [stderr]    |
Dec 02 06:09:01.610 INFO [stderr] 97 |             first: Item::new((water_mark_size.first.first / (water_mark_size.first.second + TOLERANCE)), 
Dec 02 06:09:01.610 INFO [stderr]    |                              ^^^^^^^^^^^^^^^^^^^^^^^^^^^^^^^^^^^^^^^^^^^^^^^^^^^^^^^^^^^^^^^^^^^^^^^^^^ help: remove these parentheses
Dec 02 06:09:01.610 INFO [stderr]    |
Dec 02 06:09:01.610 INFO [stderr]    = note: #[warn(unused_parens)] on by default
Dec 02 06:09:01.610 INFO [stderr] 
Dec 02 06:09:01.611 INFO [stderr] warning: unnecessary parentheses around function argument
Dec 02 06:09:01.611 INFO [stderr]   --> src/imagework/mod.rs:98:8
Dec 02 06:09:01.611 INFO [stderr]    |
Dec 02 06:09:01.611 INFO [stderr] 98 |                             (water_mark_size.first.first / (water_mark_size.first.second - TOLERANCE))),
Dec 02 06:09:01.611 INFO [stderr]    |                             ^^^^^^^^^^^^^^^^^^^^^^^^^^^^^^^^^^^^^^^^^^^^^^^^^^^^^^^^^^^^^^^^^^^^^^^^^^ help: remove these parentheses
Dec 02 06:09:01.611 INFO [stderr] 
Dec 02 06:09:01.611 INFO [stderr] warning: unnecessary parentheses around function argument
Dec 02 06:09:01.611 INFO [stderr]   --> src/imagework/mod.rs:99:22
Dec 02 06:09:01.611 INFO [stderr]    |
Dec 02 06:09:01.611 INFO [stderr] 99 |             second: Item::new((water_mark_size.second.first / (water_mark_size.second.second + TOLERANCE)), 
Dec 02 06:09:01.611 INFO [stderr]    |                               ^^^^^^^^^^^^^^^^^^^^^^^^^^^^^^^^^^^^^^^^^^^^^^^^^^^^^^^^^^^^^^^^^^^^^^^^^^^^ help: remove these parentheses
Dec 02 06:09:01.611 INFO [stderr] 
Dec 02 06:09:01.611 INFO [stderr] warning: unnecessary parentheses around function argument
Dec 02 06:09:01.611 INFO [stderr]    --> src/imagework/mod.rs:100:8
Dec 02 06:09:01.611 INFO [stderr]     |
Dec 02 06:09:01.611 INFO [stderr] 100 |                             (water_mark_size.second.first / (water_mark_size.second.second - TOLERANCE))),
Dec 02 06:09:01.611 INFO [stderr]     |                             ^^^^^^^^^^^^^^^^^^^^^^^^^^^^^^^^^^^^^^^^^^^^^^^^^^^^^^^^^^^^^^^^^^^^^^^^^^^^ help: remove these parentheses
Dec 02 06:09:01.611 INFO [stderr] 
Dec 02 06:09:01.611 INFO [stderr] warning: unnecessary parentheses around function argument
Dec 02 06:09:01.611 INFO [stderr]    --> src/imagework/mod.rs:101:21
Dec 02 06:09:01.611 INFO [stderr]     |
Dec 02 06:09:01.611 INFO [stderr] 101 |             third: Item::new(((water_mark_size.third.first - TOLERANCE) / water_mark_size.third.second), 
Dec 02 06:09:01.611 INFO [stderr]     |                              ^^^^^^^^^^^^^^^^^^^^^^^^^^^^^^^^^^^^^^^^^^^^^^^^^^^^^^^^^^^^^^^^^^^^^^^^^^ help: remove these parentheses
Dec 02 06:09:01.611 INFO [stderr] 
Dec 02 06:09:01.611 INFO [stderr] warning: unnecessary parentheses around function argument
Dec 02 06:09:01.611 INFO [stderr]    --> src/imagework/mod.rs:102:8
Dec 02 06:09:01.611 INFO [stderr]     |
Dec 02 06:09:01.611 INFO [stderr] 102 |                             (water_mark_size.third.first / (water_mark_size.third.second - TOLERANCE))),
Dec 02 06:09:01.611 INFO [stderr]     |                             ^^^^^^^^^^^^^^^^^^^^^^^^^^^^^^^^^^^^^^^^^^^^^^^^^^^^^^^^^^^^^^^^^^^^^^^^^^ help: remove these parentheses
Dec 02 06:09:01.611 INFO [stderr] 
Dec 02 06:09:01.611 INFO [stderr] warning: unnecessary parentheses around function argument
Dec 02 06:09:01.611 INFO [stderr]    --> src/imagework/mod.rs:103:21
Dec 02 06:09:01.611 INFO [stderr]     |
Dec 02 06:09:01.611 INFO [stderr] 103 |             forth: Item::new(((water_mark_size.forth.first - TOLERANCE) / water_mark_size.forth.second), 
Dec 02 06:09:01.611 INFO [stderr]     |                              ^^^^^^^^^^^^^^^^^^^^^^^^^^^^^^^^^^^^^^^^^^^^^^^^^^^^^^^^^^^^^^^^^^^^^^^^^^ help: remove these parentheses
Dec 02 06:09:01.611 INFO [stderr] 
Dec 02 06:09:01.611 INFO [stderr] warning: unnecessary parentheses around function argument
Dec 02 06:09:01.611 INFO [stderr]    --> src/imagework/mod.rs:104:8
Dec 02 06:09:01.611 INFO [stderr]     |
Dec 02 06:09:01.611 INFO [stderr] 104 |                             (water_mark_size.forth.first / (water_mark_size.forth.second + TOLERANCE))),
Dec 02 06:09:01.611 INFO [stderr]     |                             ^^^^^^^^^^^^^^^^^^^^^^^^^^^^^^^^^^^^^^^^^^^^^^^^^^^^^^^^^^^^^^^^^^^^^^^^^^ help: remove these parentheses
Dec 02 06:09:01.611 INFO [stderr] 
Dec 02 06:09:01.611 INFO [stderr] warning: unnecessary parentheses around function argument
Dec 02 06:09:01.611 INFO [stderr]    --> src/imagework/mod.rs:105:21
Dec 02 06:09:01.611 INFO [stderr]     |
Dec 02 06:09:01.611 INFO [stderr] 105 |             fifth: Item::new(((water_mark_size.fifth.first - TOLERANCE) / water_mark_size.fifth.second), 
Dec 02 06:09:01.611 INFO [stderr]     |                              ^^^^^^^^^^^^^^^^^^^^^^^^^^^^^^^^^^^^^^^^^^^^^^^^^^^^^^^^^^^^^^^^^^^^^^^^^^ help: remove these parentheses
Dec 02 06:09:01.611 INFO [stderr] 
Dec 02 06:09:01.612 INFO [stderr] warning: unnecessary parentheses around function argument
Dec 02 06:09:01.612 INFO [stderr]    --> src/imagework/mod.rs:106:8
Dec 02 06:09:01.612 INFO [stderr]     |
Dec 02 06:09:01.612 INFO [stderr] 106 |                             (water_mark_size.fifth.first / (water_mark_size.fifth.second - TOLERANCE))),
Dec 02 06:09:01.612 INFO [stderr]     |                             ^^^^^^^^^^^^^^^^^^^^^^^^^^^^^^^^^^^^^^^^^^^^^^^^^^^^^^^^^^^^^^^^^^^^^^^^^^ help: remove these parentheses
Dec 02 06:09:01.612 INFO [stderr] 
Dec 02 06:09:01.612 INFO [stderr] warning: unnecessary parentheses around method argument
Dec 02 06:09:01.612 INFO [stderr]    --> src/imagework/mod.rs:184:33
Dec 02 06:09:01.612 INFO [stderr]     |
Dec 02 06:09:01.612 INFO [stderr] 184 |         let rr: u8 = self.pixel_clamp((nr * 255.0));
Dec 02 06:09:01.612 INFO [stderr]     |                                       ^^^^^^^^^^^^ help: remove these parentheses
Dec 02 06:09:01.612 INFO [stderr] 
Dec 02 06:09:01.612 INFO [stderr] warning: unnecessary parentheses around method argument
Dec 02 06:09:01.612 INFO [stderr]    --> src/imagework/mod.rs:185:33
Dec 02 06:09:01.612 INFO [stderr]     |
Dec 02 06:09:01.612 INFO [stderr] 185 |         let rg: u8 = self.pixel_clamp((ng * 255.0));
Dec 02 06:09:01.612 INFO [stderr]     |                                       ^^^^^^^^^^^^ help: remove these parentheses
Dec 02 06:09:01.612 INFO [stderr] 
Dec 02 06:09:01.612 INFO [stderr] warning: unnecessary parentheses around method argument
Dec 02 06:09:01.612 INFO [stderr]    --> src/imagework/mod.rs:186:33
Dec 02 06:09:01.612 INFO [stderr]     |
Dec 02 06:09:01.612 INFO [stderr] 186 |         let rb: u8 = self.pixel_clamp((nb * 255.0));
Dec 02 06:09:01.612 INFO [stderr]     |                                       ^^^^^^^^^^^^ help: remove these parentheses
Dec 02 06:09:01.612 INFO [stderr] 
Dec 02 06:09:01.612 INFO [stderr] warning: unnecessary parentheses around `for` head expression
Dec 02 06:09:01.612 INFO [stderr]    --> src/imagework/mod.rs:237:18
Dec 02 06:09:01.612 INFO [stderr]     |
Dec 02 06:09:01.612 INFO [stderr] 237 |         for t in (0..max_iterations) {
Dec 02 06:09:01.612 INFO [stderr]     |                  ^^^^^^^^^^^^^^^^^^^ help: remove these parentheses
Dec 02 06:09:01.612 INFO [stderr] 
Dec 02 06:09:01.623 INFO [stderr] warning: unreachable statement
Dec 02 06:09:01.623 INFO [stderr]   --> src/main.rs:23:2
Dec 02 06:09:01.623 INFO [stderr]    |
Dec 02 06:09:01.623 INFO [stderr] 23 |     println!("{}", "Please enter a directories!");
Dec 02 06:09:01.623 INFO [stderr]    |     ^^^^^^^^^^^^^^^^^^^^^^^^^^^^^^^^^^^^^^^^^^^^^^
Dec 02 06:09:01.623 INFO [stderr]    |
Dec 02 06:09:01.623 INFO [stderr]    = note: #[warn(unreachable_code)] on by default
Dec 02 06:09:01.623 INFO [stderr]    = note: this error originates in a macro outside of the current crate (in Nightly builds, run with -Z external-macro-backtrace for more info)
Dec 02 06:09:01.623 INFO [stderr] 
Dec 02 06:09:01.720 INFO [stderr] error[E0308]: mismatched types
Dec 02 06:09:01.720 INFO [stderr]    --> src/data_analysis/mod.rs:121:18
Dec 02 06:09:01.720 INFO [stderr]     |
Dec 02 06:09:01.720 INFO [stderr] 121 |         if num_file >= NUM_THREADS {
Dec 02 06:09:01.720 INFO [stderr]     |                        ^^^^^^^^^^^ expected i64, found u8
Dec 02 06:09:01.720 INFO [stderr] 
Dec 02 06:09:01.726 INFO [stderr] error: aborting due to 33 previous errors
Dec 02 06:09:01.726 INFO [stderr] 
Dec 02 06:09:01.726 INFO [stderr] Some errors occurred: E0308, E0425.
Dec 02 06:09:01.726 INFO [stderr] For more information about an error, try `rustc --explain E0308`.
Dec 02 06:09:01.739 INFO [stderr] error: Could not compile `rust_auto_watermark`.
Dec 02 06:09:01.739 INFO [stderr] 
Dec 02 06:09:01.739 INFO [stderr] To learn more, run the command again with --verbose.
Dec 02 06:09:01.739 INFO [stderr] su: No module specific data is present
Dec 02 06:09:01.990 INFO running `"docker" "inspect" "21b48cba94e89c3600bc0804e2d6c97b7fffa9f77d85829cfc847c99626fca24"`
Dec 02 06:09:02.082 INFO running `"docker" "rm" "-f" "21b48cba94e89c3600bc0804e2d6c97b7fffa9f77d85829cfc847c99626fca24"`
Dec 02 06:09:02.183 INFO [stdout] 21b48cba94e89c3600bc0804e2d6c97b7fffa9f77d85829cfc847c99626fca24
